mainder when 227836458 is divided by 295.
288
Calculate the remainder when 6642566 is divided by 248.
134
Calculate the remainder when 26420 is divided by 1333.
1093
Calculate the remainder when 7992202 is divided by 3996064.
74
What is the remainder when 2911283 is divided by 2278?
2277
Calculate the remainder when 695414 is divided by 331.
314
What is the remainder when 60769919 is divided by 60769888?
31
Calculate the remainder when 5688451 is divided by 847.
846
What is the remainder when 134227 is divided by 21633?
4429
Calculate the remainder when 45400425 is divided by 15133475.
0
Calculate the remainder when 446150 is divided by 1510.
700
What is the remainder when 63701 is divided by 859?
135
What is the remainder when 128778 is divided by 7571?
71
Calculate the remainder when 763822 is divided by 436.
386
Calculate the remainder when 92422 is divided by 30394.
1240
What is the remainder when 14842121 is divided by 30?
11
Calculate the remainder when 18770226 is divided by 11.
2
Calculate the remainder when 322419 is divided by 567.
363
What is the remainder when 632549 is divided by 118?
69
What is the remainder when 3810410 is divided by 1905193?
24
Calculate the remainder when 4650981 is divided by 238.
223
What is the remainder when 274195 is divided by 97?
73
What is the remainder when 42362 is divided by 5159?
1090
Calculate the remainder when 43020226 is divided by 8432.
162
What is the remainder when 3765380 is divided by 161?
73
Calculate the remainder when 27587312 is divided by 725979.
110
Calculate the remainder when 57018 is divided by 624.
234
What is the remainder when 3859876 is divided by 1218?
34
Calculate the remainder when 17433219 is divided by 59.
17
What is the remainder when 579296 is divided by 1406?
24
Calculate the remainder when 26358557 is divided by 29.
22
Calculate the remainder when 14937334 is divided by 869.
93
What is the remainder when 18178622 is divided by 482?
474
Calculate the remainder when 98024 is divided by 32356.
956
Calculate the remainder when 403593 is divided by 50442.
57
Calculate the remainder when 411696 is divided by 13691.
966
What is the remainder when 3081183 is divided by 32433?
48
Calculate the remainder when 299538 is divided by 4400.
338
Calculate the remainder when 1990682 is divided by 199062.
62
Calculate the remainder when 260806 is divided by 220.
106
What is the remainder when 727171 is divided by 2743?
276
What is the remainder when 200204 is divided by 2044?
1936
What is the remainder when 20769307 is divided by 10384583?
141
Calculate the remainder when 44456 is divided by 618.
578
What is the remainder when 167806 is divided by 5785?
41
What is the remainder when 1974482 is divided by 32908?
2
Calculate the remainder when 2458431 is divided by 875.
556
Calculate the remainder when 21666855 is divided by 1446.
1437
Calculate the remainder when 2004675 is divided by 2004608.
67
Calculate the remainder when 548496 is divided by 91.
39
What is the remainder when 836987 is divided by 82?
13
Calculate the remainder when 25484449 is divided by 4247395.
79
What is the remainder when 47444 is divided by 929?
65
Calculate the remainder when 9641 is divided by 897.
671
What is the remainder when 303044 is divided by 169?
27
What is the remainder when 2085052 is divided by 521257?
24
What is the remainder when 5714083 is divided by 39?
37
What is the remainder when 53209220 is divided by 3800658?
8
Calculate the remainder when 2926157 is divided by 6711.
161
Calculate the remainder when 17361328 is divided by 597.
568
What is the remainder when 1892025 is divided by 189150?
525
Calculate the remainder when 57012 is divided by 1838.
34
What is the remainder when 6151724 is divided by 1477?
19
What is the remainder when 186393 is divided by 20411?
2694
Calculate the remainder when 3959190 is divided by 245.
235
What is the remainder when 1699305 is divided by 424813?
53
Calculate the remainder when 49284 is divided by 14815.
4839
What is the remainder when 4248135 is divided by 202291?
24
What is the remainder when 374205 is divided by 62367?
3
Calculate the remainder when 74598 is divided by 4282.
1804
What is the remainder when 6036019 is divided by 314?
311
Calculate the remainder when 2185353 is divided by 8703.
900
Calculate the remainder when 77740 is divided by 2982.
208
Calculate the remainder when 17424860 is divided by 1452069.
32
What is the remainder when 9588031 is divided by 1008?
943
Calculate the remainder when 314756 is divided by 44923.
295
What is the remainder when 14852072 is divided by 210?
32
Calculate the remainder when 6202415 is divided by 187.
186
What is the remainder when 24495 is divided by 521?
8
Calculate the remainder when 1163000 is divided by 151.
149
Calculate the remainder when 55525463 is divided by 946.
939
Calculate the remainder when 1589848 is divided by 21.
1
What is the remainder when 37106497 is divided by 223?
189
What is the remainder when 75442 is divided by 2599?
71
What is the remainder when 143058221 is divided by 2248?
2245
Calculate the remainder when 29000 is divided by 28987.
13
Calculate the remainder when 2565943 is divided by 1282969.
5
What is the remainder when 16857 is divided by 2647?
975
What is the remainder when 13244158 is divided by 369?
10
What is the remainder when 18524788 is divided by 69642?
16
Calculate the remainder when 2367022 is divided by 447.
157
What is the remainder when 197896 is divided by 28267?
27
Calculate the remainder when 165964560 is divided by 57.
54
Calculate the remainder when 30587905 is divided by 381.
82
What is the remainder when 47937 is divided by 1224?
201
Calculate the remainder when 702426 is divided by 234142.
0
What is the remainder when 500292389 is divided by 3030?
3029
What is the remainder when 435280 is divided by 144809?
853
Calculate the remainder when 9830547 is divided by 1673.
1672
What is the remainder when 25264883 is divided by 4165?
4158
What is the remainder when 76231404 is divided by 479?
470
What is the remainder when 100157168 is divided by 38?
36
Calculate the remainder when 53011 is divided by 24453.
4105
What is the remainder when 2757092 is divided by 393866?
30
Calculate the remainder when 16323472 is divided by 966.
4
Calculate the remainder when 1761898 is divided by 12767.
52
What is the remainder when 101320541 is divided by 24?
5
What is the remainder when 8187437 is divided by 5245?
5237
What is the remainder when 56342 is divided by 1063?
3
Calculate the remainder when 3609603 is divided by 601.
598
What is the remainder when 100709 is divided by 171?
161
Calculate the remainder when 7900 is divided by 25.
0
What is the remainder when 5690444 is divided by 245?
74
What is the remainder when 119240514 is divided by 71?
61
Calculate the remainder when 657289 is divided by 328601.
87
Calculate the remainder when 25925921 is divided by 25925910.
11
What is the remainder when 1633113695 is divided by 222?
221
Calculate the remainder when 6584805 is divided by 6114.
27
What is the remainder when 508454 is divided by 617?
46
Calculate the remainder when 302246 is divided by 100592.
470
What is the remainder when 917418408 is divided by 21?
18
What is the remainder when 169650 is divided by 27?
9
What is the remainder when 1571406 is divided by 156?
18
What is the remainder when 2029999 is divided by 328?
7
What is the remainder when 9308702 is divided by 301?
277
What is the remainder when 4809533 is divided by 32?
29
Calculate the remainder when 948508 is divided by 816.
316
Calculate the remainder when 168949361 is divided by 504.
497
What is the remainder when 560713 is divided by 2747?
325
What is the remainder when 17248063 is divided by 444?
439
Calculate the remainder when 602852 is divided by 149.
147
Calculate the remainder when 134056432 is divided by 9517.
9487
Calculate the remainder when 825859 is divided by 206.
5
Calculate the remainder when 200479 is divided by 58.
31
What is the remainder when 4425324 is divided by 3170?
4
What is the remainder when 54433 is divided by 5907?
1270
Calculate the remainder when 166083 is divided by 5080.
3523
Calculate the remainder when 408563 is divided by 1472.
819
What is the remainder when 2231292